d 430806?
114
What is the highest common divisor of 766132 and 8?
4
What is the greatest common divisor of 2691 and 20943?
117
What is the greatest common divisor of 36 and 4526532?
36
What is the greatest common divisor of 15084 and 3744?
36
Calculate the greatest common factor of 62115 and 21525.
615
What is the greatest common divisor of 61 and 631?
1
What is the highest common factor of 1152 and 15864?
24
What is the greatest common factor of 32 and 996?
4
What is the greatest common factor of 3752 and 1102150?
938
What is the highest common divisor of 86 and 20726?
86
What is the greatest common factor of 321789 and 222?
111
Calculate the highest common factor of 9044 and 62776.
532
What is the greatest common factor of 63 and 1149939?
63
Calculate the greatest common factor of 32 and 18896.
16
Calculate the highest common factor of 5370167 and 11.
11
Calculate the greatest common divisor of 731 and 13459.
43
Calculate the highest common factor of 153 and 74511.
153
What is the highest common factor of 117088 and 288?
32
Calculate the greatest common factor of 23 and 2921.
23
Calculate the greatest common divisor of 81852 and 2964.
228
What is the greatest common divisor of 182370 and 2?
2
What is the greatest common divisor of 100 and 284180?
20
What is the greatest common factor of 774 and 3474?
18
Calculate the greatest common divisor of 12268 and 12.
4
What is the greatest common factor of 12799630 and 610?
610
Calculate the highest common factor of 117900 and 10.
10
Calculate the greatest common factor of 649248 and 16.
16
Calculate the highest common divisor of 295908 and 6.
6
What is the highest common divisor of 130 and 189085?
65
Calculate the greatest common divisor of 249 and 122259.
249
What is the greatest common factor of 38430 and 2610?
90
What is the highest common divisor of 11369 and 3?
1
Calculate the greatest common factor of 1742 and 43014.
134
Calculate the greatest common divisor of 795 and 3657.
159
What is the highest common factor of 6272 and 1696?
32
Calculate the highest common factor of 126 and 6776.
14
What is the highest common divisor of 40 and 47948?
4
What is the highest common factor of 280 and 35448?
56
What is the highest common divisor of 7370 and 160?
10
Calculate the greatest common factor of 869 and 47608.
11
Calculate the highest common factor of 7734021 and 316.
79
Calculate the greatest common factor of 6345 and 22184.
47
What is the highest common factor of 72 and 30852?
36
What is the greatest common factor of 84 and 1876?
28
Calculate the greatest common factor of 1804 and 153012.
164
What is the highest common factor of 3680 and 5816?
8
What is the greatest common divisor of 46 and 212267?
23
Calculate the greatest common divisor of 13585 and 1805.
95
Calculate the greatest common divisor of 486068 and 88.
44
What is the highest common divisor of 4015863 and 477?
477
Calculate the highest common divisor of 2123 and 147452.
193
Calculate the greatest common divisor of 5754 and 3485006.
1918
What is the highest common divisor of 3510874 and 2108?
1054
Calculate the greatest common divisor of 15036 and 756.
84
What is the highest common divisor of 59087 and 11109?
161
What is the highest common factor of 71962 and 2794?
22
Calculate the highest common divisor of 49403 and 53293.
389
What is the greatest common divisor of 51750 and 12190?
230
Calculate the highest common factor of 2035397 and 39.
13
What is the greatest common factor of 588 and 2676?
12
Calculate the greatest common divisor of 129036 and 10.
2
What is the greatest common factor of 40 and 112940?
20
What is the highest common factor of 99 and 20911?
11
What is the highest common factor of 5201200 and 400?
400
What is the highest common divisor of 960 and 61080?
120
What is the greatest common divisor of 222 and 462204?
222
Calculate the highest common factor of 444 and 3219.
111
Calculate the highest common factor of 3808 and 15808.
32
Calculate the highest common factor of 1547 and 39831.
17
What is the highest common divisor of 49494 and 678?
678
What is the greatest common factor of 443 and 124?
1
Calculate the greatest common divisor of 2904 and 38148.
132
What is the highest common factor of 14811 and 3?
3
Calculate the highest common factor of 620 and 9700.
20
What is the highest common factor of 144232 and 4928?
88
What is the greatest common divisor of 141 and 147909?
141
What is the highest common factor of 115374 and 20377?
287
What is the highest common factor of 1065 and 32305?
355
Calculate the greatest common factor of 120 and 275910.
30
Calculate the greatest common divisor of 273 and 4823.
91
What is the greatest common divisor of 1463 and 16891?
133
What is the greatest common divisor of 1081812 and 85?
17
Calculate the highest common factor of 330540 and 180.
60
What is the greatest common factor of 682 and 10625560?
682
What is the greatest common factor of 18501 and 84?
21
What is the greatest common factor of 2639 and 131341?
203
Calculate the highest common divisor of 488796 and 7.
7
What is the highest common factor of 520 and 56186?
26
Calculate the greatest common factor of 9604 and 140.
28
Calculate the greatest common divisor of 5665 and 176.
11
Calculate the highest common divisor of 42 and 353.
1
Calculate the highest common divisor of 2646 and 450.
18
Calculate the highest common factor of 313380 and 10.
10
What is the greatest common divisor of 1133 and 14333?
11
What is the highest common factor of 66 and 7040?
22
What is the greatest common divisor of 18432 and 234?
18
What is the greatest common divisor of 1220 and 41660?
20
Calculate the highest common factor of 319 and 25267.
11
What is the greatest common divisor of 150 and 42450?
150
What is the highest common divisor of 37 and 33004?
37
Calculate the greatest common divisor of 77786 and 37145.
437
What is the highest common divisor of 14351 and 381?
127
Calculate the highest common divisor of 4683 and 273.
21
Calculate the greatest common divisor of 8977 and 893.
47
Calculate the greatest common divisor of 918 and 347922.
918
Calculate the greatest common factor of 12576 and 408.
24
Calculate the highest common factor of 17 and 143123.
17
Calculate the highest common divisor of 565656 and 8.
8
What is the highest common factor of 1404 and 32916?
156
What is the highest common divisor of 566000 and 230?
10
What is the highest common factor of 222676 and 3759?
179
Calculate the greatest common divisor of 200300 and 8.
4
What is the highest common divisor of 1311 and 45011?
437
What is the highest common divisor of 4 and 250648?
4
What is the greatest common divisor of 116 and 120?
4
Calculate the highest common divisor of 2009 and 369.
41
Calculate the greatest common divisor of 133542 and 72.
18
What is the greatest common factor of 2710 and 122763?
271
Calculate the greatest common divisor of 1698340 and 490.
490
What is the greatest common divisor of 5451 and 5888?
23
What is the highest common factor of 325964 and 76?
76
Calculate the greatest common divisor of 220 and 660.
220
What is the highest common divisor of 2159651 and 845?
169
Calculate the greatest common divisor of 151328 and 128.
32
Calculate the highest common divisor of 374 and 6630.
34
What is the greatest common divisor of 43 and 2859328?
43
Calculate the highest common factor of 1025643 and 609.
87
What is the greatest common divisor of 576288 and 3335?
667
Calculate the highest common divisor of 1683 and 477.
9
What is the greatest common factor of 173 and 475404?
173
What is the greatest common factor of 1127 and 272573?
161
Calculate the highest common divisor of 495 and 134145.
495
What is the greatest common factor of 6 and 10965?
3
What is the highest common factor of 5152 and 3264?
32
Calculate the highest common divisor of 9380 and 100768.
268
What is the highest common divisor of 3355 and 27816?
61
What is the highest common factor of 18016 and 304?
16
What is the greatest common divisor of 27264 and 131208?
1704
Calculate the greatest common divisor of 13656 and 528.
24
What is the highest common factor of 5489 and 693?
11
What is the greatest common factor of 905 and 769?
1
Calculate the greatest common factor of 21489 and 348.
87
What is the highest common